f u + 1/2*u**2 - 2. What is y(-2)?
-1
Let k(c) be the first derivative of c**4/6 - 5*c**3/6 + c**2 + 2*c + 3. Let a(w) be the first derivative of k(w). Suppose 0 = 2*n - 2 - 4. What is a(n)?
5
Let o be 1/1 - (-1 + 3). Let w = o + 5. Let k(b) be the third derivative of b**4/12 - b**3 + b**2. Calculate k(w).
2
Let x(j) = 3*j**2 + 4*j + 5. Let a(r) = -5*r**2 - 9*r - 9. Let y(w) = -4*a(w) - 7*x(w). Calculate y(9).
-8
Let k(o) = o**3 - 7*o**2 + 10. Suppose -5*h + 4*h = -2*y + 9, 3*y = -3*h + 36. Determine k(y).
10
Let w(j) = -82*j**3 - 10*j**2 + 3 + 169*j**3 - 88*j**3. Determine w(-10).
3
Let g(i) be the second derivative of -i**3/3 + i**2 - 4*i. Let t be g(-4). Let q = t - 8. Let n(h) = 2*h**2 - h + 2. Calculate n(q).
8
Let a(r) be the first derivative of -5/2*r**2 - 5/3*r**3 - 1/4*r**4 + 1 - r. Suppose -2*m - 3 = 3*x + m, -5*x + 2*m = 26. Determine a(x).
3
Let t(m) = 2*m + 6. Let o be (-10)/12*3*2. What is t(o)?
-4
Let b(h) = h**2 + 6*h + 5. Let x be b(-6). Let u(n) be the first derivative of -n**4/4 + 2*n**3 - 7*n**2/2 + 6*n + 14. Determine u(x).
-4
Let j = 11 - 9. Let q = 4 + -2. Let t(a) = -1 + 2*a + 2*a**2 + a**j + 3*a**q. Give t(1).
7
Let f(p) = -p + 15 - 22 - p. Determine f(-5).
3
Let w(r) = -r**2 - 7*r - 2. Suppose 26*a - 22*a + 12 = 0. Let n be 2 + (4 - 10) + a. Calculate w(n).
-2
Let n(z) be the third derivative of z**6/60 + z**5/15 + z**4/8 + z**3/6 - 6*z**2. Determine n(-2).
-5
Let t(w) = -w**2 - 3*w + 1. Let y be t(-4). Let l(g) be the third derivative of -g**6/120 - g**5/30 + g**4/6 - g**3/6 - 4*g**2. Calculate l(y).
-4
Suppose r - 5 = -3. Let p(k) = -2*k**3 - 6*k**2 + r + 6*k - 3*k + k**3 - k. Determine p(-6).
-10
Let o(b) be the first derivative of -b**2/2 + 6*b + 7. What is o(6)?
0
Let u(m) = 2*m - 5. Let t be u(4). Let y(c) = -c**3 + c + 1. Let o be 0 - 1 - (5 - 7). Let i(l) = -l**3 - 3*l**2 + 5. Let j(k) = o*i(k) - 2*y(k). Give j(t).
-3
Let p = 1 - -2. Let u(r) = -r**2 + 5*r**p - 4*r**3 + r + 0*r**2. Let h(l) = 6*l**3 - l**2 + l + 2. Let g(n) = h(n) - 5*u(n). Calculate g(-5).
-3
Let g(q) = -3*q**3 - 9*q**2 + 10*q - 4. Let s(j) = -2*j**3 - 8*j**2 + 9*j - 3. Let v(b) = -3*g(b) + 4*s(b). Let f = -76 - -80. Calculate v(f).
8
Let m(x) = -4 + 3 + 3 - x. Let q be m(-2). Let i(w) = -3*w + q*w - 2*w + 0*w**3 - w**3 + 4*w**2. Determine i(3).
6
Let j be 1*2 - (2 + -2). Suppose -x = -0 - j. Let u(k) = 2*k**2 - 2*k**2 - k**x - 3*k + 3. Determine u(2).
-7
Let g(l) = l - 3. Let z be g(6). Suppose -j + 5 = 4*n, -z*j + n - 15 = -6*j. Let w(v) = -3*v + j + 2*v + v**2 + v**3 - 3. Determine w(-2).
0
Suppose 2*v - 4*k - 22 = 0, -v = -4*v + 2*k + 17. Let w = v - 5. Let a(q) = -3*q**2 + q - 1. Calculate a(w).
-15
Let c(t) = -t**2. Let h(j) = 7*j. Let x(b) = 4*b. Let f(d) = -3*h(d) + 5*x(d). Let k be f(-2). Let m be (-5)/(5/2) + k. Calculate c(m).
0
Let a(v) be the second derivative of -3/2*v**2 + 4*v + 1/6*v**3 + 0. Let m be 2/3 - 14/(-6). Give a(m).
0
Let z(j) = -2 - j**2 + j**3 + 3*j**2 + 2*j**2 + j. Suppose -5*t + 6 = -54. Suppose -4*s - t = -s. Give z(s).
-6
Let z(x) be the first derivative of x**4/12 + 2*x**3/3 - x**2/2 - x - 3. Let m(g) be the first derivative of z(g). Give m(-3).
-4
Suppose -5*s + 3 - 13 = 0. Suppose 0 = -2*a + d + 1, 3 + 0 = d. Let l(w) = -3 - a + 2*w**2 + 4. Determine l(s).
7
Let s(a) be the first derivative of a**4/4 - 2*a**3 - a**2 + 2*a + 1. Suppose -13*j + 6 = -12*j. Give s(j).
-10
Let m(z) be the first derivative of -z**3 + 2*z**2 - 2*z - 6. What is m(2)?
-6
Let s(a) = 8*a + 1 - 3*a - 3. Determine s(2).
8
Let h(g) = g**3 - 5 - g**3 - 7*g**2 - 8*g + 5*g**3 + 0*g**3. Let v(a) = -4*a**3 + 6*a**2 + 7*a + 4. Let u(b) = -5*h(b) - 6*v(b). Calculate u(-2).
9
Let z(f) = -2*f**2 - 4*f - 3. Suppose -4*d = -6 - 2. Let y(l) = -l**2 - 2*l. Let v be y(0). Let p be -2 - v*(-1)/d. Determine z(p).
-3
Suppose 4*h + 3 = 23. Let q = h + -3. Let a(z) be the first derivative of -z**3/3 - z**2 - z + 11. What is a(q)?
-9
Let w(i) = i**2 - 1. Let q(o) be the second derivative of 7*o**5/20 - o**4/12 - o**3/6 + o**2/2 + 3*o. Let r(a) = -q(a) - w(a). Let z = -2 - -1. Give r(z).
6
Let z = -6 + 8. Let x = 2 + -2. Let s(g) = -g**2 + 3 + 2*g + x - 4. What is s(z)?
-1
Let s(l) = 24*l - 14*l + 9 - 17*l + l**2. Determine s(6).
3
Let y be ((-40)/(-35))/((-2)/(-7)). Suppose j + 25 = 4*h, -y*h + 10 = -3*h - 4*j. Let w(p) = -p**2 + 6*p - 4. Calculate w(h).
-4
Let a(z) be the first derivative of -1/2*z**2 - 1/3*z**3 + 1/4*z**4 - 1 - 6*z. Let r = 1 - 1. What is a(r)?
-6
Let o(q) = -2 + 1 - 31*q**2 + 54*q**2 - 22*q**2 - 11*q. Calculate o(10).
-11
Let o(j) = 3*j - 6*j + 55 - 55. Determine o(1).
-3
Suppose 4*l = 5*v + 12, l - 1 - 2 = -3*v. Let u(h) = -h**3 - 4*h**2 + l - 1 + 0. Let z be -6*-2*2/(-6). Determine u(z).
2
Suppose 0*t = 2*t + 14. Let b = -4 - t. Let g(y) = -y**2 - 4 + y + y + b. Give g(4).
-9
Let t(q) = -q**3 + 7*q**2 + 7*q + 8. Suppose -5*w + w = -32. Let l be t(w). Let z(d) = -d**2 - 1. Determine z(l).
-1
Let v be ((-8)/(-20))/((-2)/(-30)). Let r(q) = -q + 5. Let c be r(v). Let j(g) = -8*g - 1. Determine j(c).
7
Let h(b) = -2*b - 2*b + 3 + 5*b. Let v(a) = -2*a. Let q be v(3). Determine h(q).
-3
Let t = 1 + 17. Suppose 10 = -4*f + 5*w - t, -5*w + 20 = 0. Let y(u) = -u**3 + 2*u**2 + 2*u - 1. Determine y(f).
11
Let h(m) = m**2 - 5*m + 4. Suppose 8*v + 8 = 10*v. What is h(v)?
0
Let y(j) = -3*j + 3. Suppose -3*f + 30 = 5*u, 3*u + 3*f = -0*u + 24. Give y(u).
-6
Let a(d) be the third derivative of 1/3*d**3 - 1/60*d**5 - d**2 + 7/24*d**4 + 0*d + 0. Determine a(4).
14
Let q = -1 + 3. Let d be 0/(-2) + 1*q. Let i(k) = k + 0 - 4 + 2 + 3 + k**3 - k**2. Determine i(d).
7
Let o(l) be the second derivative of l**3/6 + l**2 - 5*l. What is o(-2)?
0
Let i(h) = -h**3 + 1. Let r(z) = -6*z**3 + z + 4. Let s = -11 + 16. Let a(c) = s*i(c) - r(c). Determine a(1).
1
Let d(a) = 4*a**2 - 6*a**2 - 4*a + 2*a + 0*a + 3. What is d(2)?
-9
Let o(t) = t**3 + 4*t**2 + t + 2. Suppose 0*w - 24 = 4*w. Let r(m) = m**3 + 7*m**2 + 9*m + 3. Let k be r(w). Let h be 8/(-32) - k/(-4). Determine o(h).
-2
Let s(m) = m**2 - 6*m - 1. Let d be s(7). Let n(z) = -z - 2. Give n(d).
-8
Let v be (-2)/(2/(-3)) - 6. Let p = 6 + v. Let d(g) = -g**2 + 5*g - 3. What is d(p)?
3
Let t(b) = -b**3 + 5*b**2 + 6*b - 2. Let o(v) = 2*v - 5 + 3 + 4. Let i be o(2). Calculate t(i).
-2
Let c(s) = -s**3 + 4*s**2 + 3*s - 10. Let d be c(4). Suppose 2*x = -0*x + 6. Suppose -d*j + x = -1. Let y(f) = f**2 - 4*f + 3. Give y(j).
-1
Let v(z) = -z**3 - 2 + 7 - z + 3*z + 3*z**2. Suppose 9 = 4*b - 7. Calculate v(b).
-3
Suppose 4*v + 8 = -0. Let x(y) = y**2 - 1. Let b be x(2). Let r(w) = -b + 2*w - 3*w**2 - 6*w + 0*w. Give r(v).
-7
Let h(q) = 1. Let n(b) = 2*b + 1. Let w(z) = -4*h(z) - n(z). What is w(-4)?
3
Let t be 1/(-2*2/16)*1. Let v(c) = 2 + 1 - 2*c + 3*c. Give v(t).
-1
Let r(o) = 0 + 2 - 3 + 2*o. Suppose -4*n = 3 + 5. What is r(n)?
-5
Let c(o) = o + 3*o**2 - 11 + 2*o**3 + 11. What is c(-2)?
-6
Let k(a) = 4*a - 3*a + a - a + 37. Determine k(0).
37
Let r(u) = -2*u + 3. Let i(b) = b - 2. Let z(m) = -3*i(m) - 2*r(m). Give z(-6).
-6
Let r(m) = -m**3 - 8*m**2 - m - 4. Let b be r(-8). Suppose 0 = 5*d - b*d. Let v(q) = -3 + 4*q - 4*q**2 + d*q**2 + 3*q**2. Determine v(5).
-8
Suppose 2*s = -5*s + 7. Let j(w) = -8*w. What is j(s)?
-8
Suppose -4*w + 13*w = -45. Let q(g) = g + 7. Calculate q(w).
2
Let q = 35 + -27. Let z(d) = -d**2 + 9*d + 4. What is z(q)?
12
Let j be ((-6)/(-9))/(6/9). Suppose 6 = -d + 3*a, -2*d - 5 = -4*a + j. Let t(l) = l + 0 + l**2 - 4*l - 1. Determine t(d).
-1
Let n(o) = o**2 - o - 2. Let a be n(2). Let x(i) = -3*i + 2 - 7 + a*i. Determine x(-5).
10
Let i(w) = w + 13. Let s(n) = 10*n**3 + 3*n**2 + 2*n. Let g be s(-1). Calculate i(g).
4
Let l(r) = r**3 + 3*r**2 + r - 2. Let k(q) = -q**3 - 4*q**2 - q + 3. Let a(b) = 3*k(b) + 4*l(b). What is a(-1)?
-1
Let g be (-2)/(-5) - 56/(-10). Let u(h) be the second derivative of -h**3/3 + 7*h**2/2 + 2*h. Determine u(g).
-5
Let z be -6*(-1)/2*4. Let u(w) = 2*w**2 - z - 3 + 11 + 5*w - 2*w. Give u(-3).
5
Suppose 2*y + 3*d + 17 = 0, -2 = -3*y + 4*d + 15. Let g(n) be the first derivative of n**4 - n**3/3 - n**2/2 - n - 1. Give g(y).
-5
Let a(v) = v**3 + 6*v**2 - 8*v + 1. Let p be a(-7). Suppose 2*z - z = 1, 0 = -5*t - 2*z - p. Let d(s) = 2*s**3 + 2*s**2. Calculate d(t).
-8
Let i(u) =